{"id":21,"date":"2012-11-30T15:40:32","date_gmt":"2012-11-30T15:40:32","guid":{"rendered":"http:\/\/www.factu-e.com.ar\/wp\/?page_id=21"},"modified":"2024-02-14T15:56:46","modified_gmt":"2024-02-14T18:56:46","slug":"21-2","status":"publish","type":"page","link":"https:\/\/www.factu-e.com.ar\/?page_id=21","title":{"rendered":"Producto"},"content":{"rendered":"<p align=\"left\">El r\u00e9gimen de facturaci\u00f3n electr\u00f3nica, instrumentado y avalado por la A.F.I.P. permite emitir facturas electr\u00f3nicas y otros comprobantes tipo \u201cA\u201d y \u201cB\u201d en forma simple, eficiente y segura, pudiendo evitar el uso del papel, lo que implica una importante reducci\u00f3n en los costos de las empresas.<\/p>\n<div>&nbsp;<a href=\"http:\/\/www.factu-e.com.ar\/wp-content\/uploads\/2012\/11\/Screenshot.png\"><img fetchpriority=\"high\" decoding=\"async\" class=\"alignnone size-full wp-image-22\" title=\"Screenshot\" src=\"http:\/\/www.factu-e.com.ar\/wp-content\/uploads\/2012\/11\/Screenshot.png\" alt=\"\" width=\"605\" height=\"349\" srcset=\"https:\/\/www.factu-e.com.ar\/wp-content\/uploads\/2012\/11\/Screenshot.png 605w, https:\/\/www.factu-e.com.ar\/wp-content\/uploads\/2012\/11\/Screenshot-300x173.png 300w\" sizes=\"(max-width: 605px) 100vw, 605px\" \/><\/a><\/div>\n<div><\/div>\n<div>\n<p align=\"left\">Esta forma de operar ofrece muchos beneficios:<\/p>\n<h1>Para su empresa<\/h1>\n<div>\u00b7Reducci\u00f3n de los costos administrativos: ya no hay necesidad&nbsp;de imprimir, ensobrar y enviar la factura por correo.<\/div>\n<p>\u00b7Mayor agilidad en los procesos de cobros y pagos.<\/p>\n<p>\u00b7Seguridad: la factura electr\u00f3nica no puede modificarse<\/p>\n<p>\u00b7Ahorro de espacio f\u00edsico.<\/p>\n<\/div>\n<div><a href=\"http:\/\/www.factu-e.com.ar\/wp-content\/uploads\/2012\/11\/Screensho.png\"><img decoding=\"async\" class=\"alignnone size-full wp-image-23\" title=\"Screensho\" src=\"http:\/\/www.factu-e.com.ar\/wp-content\/uploads\/2012\/11\/Screensho.png\" alt=\"\" width=\"623\" height=\"496\" srcset=\"https:\/\/www.factu-e.com.ar\/wp-content\/uploads\/2012\/11\/Screensho.png 623w, https:\/\/www.factu-e.com.ar\/wp-content\/uploads\/2012\/11\/Screensho-300x238.png 300w\" sizes=\"(max-width: 623px) 100vw, 623px\" \/><\/a><\/div>\n<h1><\/h1>\n<h1>Para su cliente<\/h1>\n<p>\u00b7Documento v\u00e1lido: la A.F.I.P. avala la factura electr\u00f3nica, tiene la misma validez legal que una factura impresa en papel.<\/p>\n<p>\u00b7Tiempos de recepci\u00f3n r\u00e1pidos.<\/p>\n<p><a href=\"http:\/\/www.factu-e.com.ar\/wp-content\/uploads\/2012\/11\/fe41.png\"><img decoding=\"async\" class=\"alignnone size-full wp-image-97\" title=\"fe4\" src=\"http:\/\/www.factu-e.com.ar\/wp-content\/uploads\/2012\/11\/fe41.png\" alt=\"\" width=\"616\" height=\"526\" srcset=\"https:\/\/www.factu-e.com.ar\/wp-content\/uploads\/2012\/11\/fe41.png 616w, https:\/\/www.factu-e.com.ar\/wp-content\/uploads\/2012\/11\/fe41-300x256.png 300w\" sizes=\"(max-width: 616px) 100vw, 616px\" \/><\/a><\/p>\n<p>&nbsp;<\/p>\n<h3>Caracter\u00edsticas<\/h3>\n<ul>\n<li>\n<h4>Multiples puntos de venta por cada empresa<\/h4>\n<\/li>\n<li>\n<h4>Mantiene datos de clientes y productos<\/h4>\n<\/li>\n<li>\n<h4>Gestiona el CAE en forma online ante AFIP en forma transparente al usuario<\/h4>\n<\/li>\n<li>\n<h4>Genera archivo seg\u00fan R.G. 1361<\/h4>\n<\/li>\n<li>\n<h4>Genera libro de IVA ventas<\/h4>\n<\/li>\n<li>\n<h4>Genera libro de IVA compras<\/h4>\n<h4><\/h4>\n<\/li>\n<\/ul>\n<div><a href=\"http:\/\/www.factu-e.com.ar\/wp-content\/uploads\/2012\/11\/fe6.png\"><img loading=\"lazy\" decoding=\"async\" class=\"alignnone size-full wp-image-26\" title=\"fe6\" src=\"http:\/\/www.factu-e.com.ar\/wp-content\/uploads\/2012\/11\/fe6.png\" alt=\"\" width=\"784\" height=\"389\" srcset=\"https:\/\/www.factu-e.com.ar\/wp-content\/uploads\/2012\/11\/fe6.png 784w, https:\/\/www.factu-e.com.ar\/wp-content\/uploads\/2012\/11\/fe6-300x148.png 300w\" sizes=\"(max-width: 784px) 100vw, 784px\" \/><\/a><\/div>\n<div><\/div>\n<div><\/div>\n<div>El Servicio de Emisi\u00f3n de Comprobantes Facturae le permite generar su factura electr\u00f3nica con un dise\u00f1o atractivo y en formato digital. Facturae tambi\u00e9n permite realizar la gesti\u00f3n del C.A.E. y el env\u00edo por correo electr\u00f3nico de esta factura a su cliente.<\/div>\n<p>&nbsp;<\/p>\n<div class=\"box-info\">Es obligatorio poseer conexi\u00f3n de internet para que el sistema se pueda comunicar con los servidores de AFIP<\/div>\n","protected":false},"excerpt":{"rendered":"<p>El r\u00e9gimen de facturaci\u00f3n electr\u00f3nica, instrumentado y avalado por la A.F.I.P. permite emitir facturas electr\u00f3nicas y otros comprobantes tipo \u201cA\u201d [&hellip;]<\/p>\n","protected":false},"author":1,"featured_media":0,"parent":0,"menu_order":0,"comment_status":"closed","ping_status":"open","template":"","meta":{"site-sidebar-layout":"default","site-content-layout":"","ast-site-content-layout":"","site-content-style":"default","site-sidebar-style":"default","ast-global-header-display":"","ast-banner-title-visibility":"","ast-main-header-display":"","ast-hfb-above-header-display":"","ast-hfb-below-header-display":"","ast-hfb-mobile-header-display":"","site-post-title":"","ast-breadcrumbs-content":"","ast-featured-img":"","footer-sml-layout":"","theme-transparent-header-meta":"","adv-header-id-meta":"","stick-header-meta":"","header-above-stick-meta":"","header-main-stick-meta":"","header-below-stick-meta":"","astra-migrate-meta-layouts":"default","ast-page-background-enabled":"default","ast-page-background-meta":{"desktop":{"background-color":"var(--ast-global-color-4)","background-image":"","background-repeat":"repeat","background-position":"center center","background-size":"auto","background-attachment":"scroll","background-type":"","background-media":"","overlay-type":"","overlay-color":"","overlay-gradient":""},"tablet":{"background-color":"","background-image":"","background-repeat":"repeat","background-position":"center center","background-size":"auto","background-attachment":"scroll","background-type":"","background-media":"","overlay-type":"","overlay-color":"","overlay-gradient":""},"mobile":{"background-color":"","background-image":"","background-repeat":"repeat","background-position":"center center","background-size":"auto","background-attachment":"scroll","background-type":"","background-media":"","overlay-type":"","overlay-color":"","overlay-gradient":""}},"ast-content-background-meta":{"desktop":{"background-color":"var(--ast-global-color-5)","background-image":"","background-repeat":"repeat","background-position":"center center","background-size":"auto","background-attachment":"scroll","background-type":"","background-media":"","overlay-type":"","overlay-color":"","overlay-gradient":""},"tablet":{"background-color":"var(--ast-global-color-5)","background-image":"","background-repeat":"repeat","background-position":"center center","background-size":"auto","background-attachment":"scroll","background-type":"","background-media":"","overlay-type":"","overlay-color":"","overlay-gradient":""},"mobile":{"background-color":"var(--ast-global-color-5)","background-image":"","background-repeat":"repeat","background-position":"center center","background-size":"auto","background-attachment":"scroll","background-type":"","background-media":"","overlay-type":"","overlay-color":"","overlay-gradient":""}},"footnotes":""},"class_list":["post-21","page","type-page","status-publish","hentry"],"_links":{"self":[{"href":"https:\/\/www.factu-e.com.ar\/index.php?rest_route=\/wp\/v2\/pages\/21","targetHints":{"allow":["GET"]}}],"collection":[{"href":"https:\/\/www.factu-e.com.ar\/index.php?rest_route=\/wp\/v2\/pages"}],"about":[{"href":"https:\/\/www.factu-e.com.ar\/index.php?rest_route=\/wp\/v2\/types\/page"}],"author":[{"embeddable":true,"href":"https:\/\/www.factu-e.com.ar\/index.php?rest_route=\/wp\/v2\/users\/1"}],"replies":[{"embeddable":true,"href":"https:\/\/www.factu-e.com.ar\/index.php?rest_route=%2Fwp%2Fv2%2Fcomments&post=21"}],"version-history":[{"count":26,"href":"https:\/\/www.factu-e.com.ar\/index.php?rest_route=\/wp\/v2\/pages\/21\/revisions"}],"predecessor-version":[{"id":192,"href":"https:\/\/www.factu-e.com.ar\/index.php?rest_route=\/wp\/v2\/pages\/21\/revisions\/192"}],"wp:attachment":[{"href":"https:\/\/www.factu-e.com.ar\/index.php?rest_route=%2Fwp%2Fv2%2Fmedia&parent=21"}],"curies":[{"name":"wp","href":"https:\/\/api.w.org\/{rel}","templated":true}]}}